f s(x).
19
Let o(y) = 744*y - 17. What are the prime factors of o(1)?
727
Let d = -2002 - -3225. List the prime factors of d.
1223
Suppose 3424 = 4*q - 4*z, -5*q + 3*q + 1719 = 5*z. What are the prime factors of q?
857
Let n = 1 + -2. Let b be -3 + 9 + 1/n. Suppose o = 3*o - 2*a - 36, 0 = -2*o + b*a + 51. List the prime factors of o.
13
List the prime factors of 32*25/10*(-4)/(-5).
2
Suppose -2*h - 188 = 3*o, 5*h - 3*o + 183 = -329. Let p = h + 196. Let u = p + -52. List the prime factors of u.
2, 11
Suppose 2*z = -4*d + 2, 4*d - 4*z = 12 + 20. Suppose -j + d*j = 12. Suppose 0 = l - j - 22. What are the prime factors of l?
2, 7
Let k = -158 + 381. List the prime factors of k.
223
What are the prime factors of -2*(-9)/(-6) + 1415?
2, 353
Let a(u) be the second derivative of -u**6/360 + 7*u**5/120 + u**4/12 + u**3/2 + 2*u. Let i(q) be the second derivative of a(q). List the prime factors of i(6).
2
Let p(h) = -5*h + 3 + 3*h + 3 + 2*h**3 + 3*h**2 - 3. Let s be (-2)/(-6) - 5/(-3). What are the prime factors of p(s)?
3
Let z(a) = -a**3 + 4*a**2. Let o be z(4). Suppose -x + o*x = -14. List the prime factors of x.
2, 7
Suppose 0 = -i + 1, -1675 - 1052 = -2*s + 3*i. List the prime factors of s.
3, 5, 7, 13
Let n be (-1)/(-4) - 471/(-4). Suppose 6*g - 4*g = n. What are the prime factors of g?
59
Let c(m) = 19*m - 1 - 2 + 5 + 1. What are the prime factors of c(2)?
41
What are the prime factors of (1605 - 107) + ((-6)/1 - 0)?
2, 373
Let n = 25 + -36. Let s = -30 + 51. Let k = s + n. What are the prime factors of k?
2, 5
Suppose 0 = 2*y - 2, i + 3*i - 3161 = 3*y. List the prime factors of i.
7, 113
Let c(y) be the first derivative of -27*y**4/4 - y**3/3 + y**2/2 - y - 3. Let q be c(1). Let p = -7 - q. List the prime factors of p.
3, 7
List the prime factors of (-244670)/(-129)*(-9)/(-5).
2, 3, 569
Let t = 10 + 0. Suppose 996 = t*h + 6. What are the prime factors of h?
3, 11
List the prime factors of -93*((-46)/18 - (-6)/27).
7, 31
Let r(z) = -z**2 + 12*z - 9. Let f be r(11). Let s = f - 49. Let h = s + 84. What are the prime factors of h?
37
Let d(b) be the first derivative of b**4/4 + 4*b**3 + 9*b**2/2 - 22*b - 1. Let p be d(-10). List the prime factors of 10/4*p/11.
2, 5
Let a(n) = n**3 - 10*n**2 + n - 6. Let w be (1 - 0)/(10/100). Let k be a(w). Suppose -5*f + 4 = -y - 82, -k*y - 38 = -3*f. List the prime factors of f.
2, 3
Let g = -9082 + 14536. What are the prime factors of g?
2, 3, 101
Suppose -575 = -5*a - 0*a - 3*f, 0 = 3*a - 4*f - 374. List the prime factors of a.
2, 59
Let h(v) = 4*v**3. Let k be h(1). Suppose -k - 4 = -8*d. What are the prime factors of 28 - (5 - 1 - d)?
5
Let u(q) = q + 15. Let y be u(-12). Let l(r) = -r**3 + 2*r**2 + 2*r + 2. Let h be l(y). What are the prime factors of 35 - (3 + 4*h)?
2, 3
Let o(l) be the second derivative of -5*l**3/3 + l**2 + 4*l. Let d be o(-2). List the prime factors of (-3 - -5) + d - -2.
2, 13
Let d be 8/(-2 + 0 + 0). List the prime factors of -5*d/20*68.
2, 17
Suppose -4*x + 2*p = -934, -4*x = -0*x - 4*p - 928. Suppose 5*b - 15 - x = 0. Suppose 0 = a + 5*g - g - 47, 2*a - b = 3*g. What are the prime factors of a?
31
Suppose -o + 26 + 181 = 0. Suppose 5*w = -67 + o. Suppose -r - 2*n + 28 = -w, 5*n + 15 = 0. What are the prime factors of r?
2, 31
Let w(d) = d**3 + 44*d**2 + 30*d + 59. List the prime factors of w(-43).
2, 3, 103
Let p = -70 - -74. Suppose -2*h + p*c + 0*c + 308 = 0, -5*h + 756 = -3*c. List the prime factors of h.
2, 3, 5
Let l be 9 + 0 + 3 + -3. Suppose 4*f - l = -1. Suppose 0 = -f*v + 11 + 13. List the prime factors of v.
2, 3
Let d(m) = -2*m + 25. Let u be d(11). What are the prime factors of (-1214)/(-12) - u/18?
101
What are the prime factors of (-197 + 8/(-2))/(1/(-2))?
2, 3, 67
Suppose -52 = 5*t - 32. List the prime factors of 8/16 + (-198)/t.
2, 5
Let k = 142 + -57. Suppose 4*h + b - 322 = 0, 2*b = -2*h - k + 243. List the prime factors of h.
3
Let v = -11 + 12. What are the prime factors of (205 + -2 + 4)/v?
3, 23
Suppose -3*t + 504 = -0*t. Suppose 28 = p - t. What are the prime factors of p?
2, 7
Suppose -5*w - 3*o = -4*o - 40, 2*o = 4*w - 32. Suppose w*s - 963 = -s. What are the prime factors of s?
107
Let h = -1858 - -3801. What are the prime factors of h?
29, 67
Let h = 68 - 66. Suppose -h*n = 3*t - 57, -5*t - 28 = -n + 20. What are the prime factors of n?
3, 11
Suppose 0 = -7*u + 3*u. Suppose u = n + 10 - 55. Suppose 15 + n = 2*t. List the prime factors of t.
2, 3, 5
Suppose 22*z - 17 = 5*z. Let o(c) = c**2 - c + c + 26*c**3 - 1. What are the prime factors of o(z)?
2, 13
Let s(z) = -3*z + z - 3*z + z**2 + 10 + 12*z. What are the prime factors of s(-7)?
2, 5
Let t(d) = -d**3 - 87*d**2 - 145*d + 179. List the prime factors of t(-86).
3, 17, 103
Let c(o) = 2*o - 10. Let b be c(8). Let p(l) = -l**2 + 4*l + 14. Let i be p(b). Suppose 0 = -i*n - 2*n + 32. What are the prime factors of n?
2
Let d(a) = -9*a. Let m be d(2). Let p be (-6 - 456/(-8)) + -6. List the prime factors of (-4)/m + 1745/p.
3, 13
Suppose -5*z + 3*x - 60 = 0, -x - 71 = 4*z - 6. Let i = 14 - 56. Let g = z - i. What are the prime factors of g?
3
Let g(m) = -5*m**3 - 25*m**2 - 23*m - 15. List the prime factors of g(-10).
3, 5, 181
Let r = -6901 + 10914. What are the prime factors of r?
4013
Suppose 37*i - 1800 = 1419. What are the prime factors of i?
3, 29
List the prime factors of 17095/25 - 11/(-55).
2, 3, 19
Let o(n) = 3*n - 3 + n**2 + 1 - 2 + 0. List the prime factors of o(-6).
2, 7
Suppose 36 = -4*v + 2*b, -b - 7 = 5*v + 24. Let t(r) = r**3 + 11*r**2 + 8*r - 14. What are the prime factors of t(v)?
2, 3, 7
Suppose -n - 59 = 3*g - 839, 3*g + 3*n - 780 = 0. Suppose 0 = 9*j - 5*j - g. List the prime factors of j.
5, 13
Suppose -4*q + 32 = -8. Suppose 5 = 3*k - q. Suppose -i + 3*n + 189 = 4*i, 2*i + k*n = 88. List the prime factors of i.
3, 13
Let p = 174 + -20. Let y = -88 + p. What are the prime factors of y?
2, 3, 11
Suppose -324 = -0*z - 5*z + 3*x, -6 = 2*x. Let v = -32 + z. What are the prime factors of v?
31
Suppose 2*s = 5*d - 12412 + 4565, -d + 5*s = -1551. Suppose -d = -11*x - 53. What are the prime factors of x?
2, 3, 23
Suppose 0*z - 8 = -4*z, -4*a - 2*z = -5120. What are the prime factors of a?
1279
Suppose 20*i - 2719 = 941. What are the prime factors of i?
3, 61
What are the prime factors of (25 + -38)/((-1)/45)?
3, 5, 13
Let n be (-105)/5 - 2/(-2). Let k = n + 57. What are the prime factors of k?
37
Let m(r) = -r**3 + 3*r**2 + r + 1. Let d be m(3). Suppose d*w + 36 = 5*w. What are the prime factors of w?
2, 3
Let y(s) = -s**3 - 7*s**2 - 2*s + 1. Let p be y(-7). Suppose 45 = 5*r - p. List the prime factors of r.
2, 3
Let v(h) = -531*h + 7. What are the prime factors of v(-1)?
2, 269
Suppose -3*s = -5*t - 16 + 77, 4 = -4*t. Let o = -17 - s. Suppose -o*g - 61 = -3*v, 4*v - 33 = -g - 2*g. List the prime factors of v.
2, 3
Let t be (-11)/(-77) + 642/14. Let u = 25 + t. What are the prime factors of u?
71
Let t(d) = -6*d - 13. Let j be t(15). Let m = -16 - j. List the prime factors of m.
3, 29
List the prime factors of 464971/987 - (-2)/(-21).
3, 157
Let z(w) = -w**3 - 2*w**2 - 8*w - 14. Let r be z(-2). Suppose r*m - 94 = d - 3*d, -3*d + 126 = -2*m. List the prime factors of d.
2, 11
Suppose -n = -5*w - 701, 8*n - 11*n + 2069 = 2*w. List the prime factors of n.
691
List the prime factors of 35/490 + 89247/42.
5, 17
Let x be (-24)/108 - 994/(-18). List the prime factors of x + (1 - 0 - (-2 - -4)).
2, 3
Suppose n - 8*n + 14 = 0. Let q = n - -4. Suppose -2*j - 20 = -q*j. List the prime factors of j.
5
Let f = -64 - -75. Suppose -f*d = -8*d - 690. What are the prime factors of d?
2, 5, 23
Suppose 2*d = -2, n - 4 = 2*n + 4*d. Suppose n = -3*w - h - 8, 0*h - h = -4*w - 6. List the prime factors of 3 + (-1)/(w/12).
3
Suppose -4 = d - 19. Suppose -3*g = -4*y - d, -y + 5 = g - 3*y. Suppose 3*b + 24 - 116 = 4*p, -155 = -g*b + 5*p. List the prime factors of b.
2
Let f = -117 - -52. Let w be 4/26 - (-10)/f. Suppose 4*h - 272 = -w*h. List the prime factors of h.
2, 17
Suppose -p + 3*p = 2, 2*r + 5*p - 13 = 0. Let g be 8/(-20) - r/(-10). Suppose g = -0*t - 2*t + 80. What are the prime factors of t?
2, 5
Let n = 14 - 24. Let o = n - -10. Suppose o = i - 3*v + 2, i = 3*i + 5*v - 18. What are the prime factors of i?
2